{"id":739,"date":"2024-04-22T15:15:24","date_gmt":"2024-04-22T19:15:24","guid":{"rendered":"https:\/\/www.indierecords.cl\/?page_id=739"},"modified":"2026-04-02T00:36:40","modified_gmt":"2026-04-02T03:36:40","slug":"novedades-23-de-abril","status":"publish","type":"page","link":"https:\/\/www.indierecords.cl\/?page_id=739","title":{"rendered":"NOVEDADES EE.UU.  2 ABRIL 2026\ud83c\udf1e"},"content":{"rendered":"\r\n<p>Novedades llegadas desde Estados Unidos el d\u00eda 2 de abril 2026, con el pasar de los d\u00edas algunos t\u00edtulos ya no estar\u00e1n disponibles \ud83c\udf1e\ud83c\udf1e<br \/><div id=\"footable_parent_1260\"\n         class=\" footable_parent ninja_table_wrapper loading_ninja_table wp_table_data_press_parent semantic_ui \">\n                <table data-ninja_table_instance=\"ninja_table_instance_0\" data-footable_id=\"1260\" data-filter-delay=\"1000\" aria-label=\"NOVEDADES ABRIL 2026.csv\"            id=\"footable_1260\"\n           data-unique_identifier=\"ninja_table_unique_id_1372703666_1260\"\n           class=\" foo-table ninja_footable foo_table_1260 ninja_table_unique_id_1372703666_1260 ui table  nt_type_ajax_table selectable striped vertical_centered  footable-paging-right\">\n                <colgroup>\n                            <col class=\"ninja_column_0 \">\n                            <col class=\"ninja_column_1 \">\n                            <col class=\"ninja_column_2 \">\n                            <col class=\"ninja_column_3 \">\n                    <\/colgroup>\n            <\/table>\n                    <style type=\"text\/css\" id='ninja_table_custom_css_1260'>\n                        #footable_1260  {\n        font-family: inherit;\n        font-size: 14px;\n    }\n\n                <\/style>\n                \n    \n    \n<\/div>\n<\/p>\r\n\r\n\r\n","protected":false},"excerpt":{"rendered":"<p>Novedades llegadas desde Estados Unidos el d\u00eda 2 de abril 2026, con el pasar de los d\u00edas algunos t\u00edtulos ya no estar\u00e1n disponibles \ud83c\udf1e\ud83c\udf1e<\/p>\n","protected":false},"author":1,"featured_media":0,"parent":0,"menu_order":0,"comment_status":"closed","ping_status":"closed","template":"","meta":{"footnotes":""},"class_list":["post-739","page","type-page","status-publish","hentry"],"_links":{"self":[{"href":"https:\/\/www.indierecords.cl\/index.php?rest_route=\/wp\/v2\/pages\/739","targetHints":{"allow":["GET"]}}],"collection":[{"href":"https:\/\/www.indierecords.cl\/index.php?rest_route=\/wp\/v2\/pages"}],"about":[{"href":"https:\/\/www.indierecords.cl\/index.php?rest_route=\/wp\/v2\/types\/page"}],"author":[{"embeddable":true,"href":"https:\/\/www.indierecords.cl\/index.php?rest_route=\/wp\/v2\/users\/1"}],"replies":[{"embeddable":true,"href":"https:\/\/www.indierecords.cl\/index.php?rest_route=%2Fwp%2Fv2%2Fcomments&post=739"}],"version-history":[{"count":47,"href":"https:\/\/www.indierecords.cl\/index.php?rest_route=\/wp\/v2\/pages\/739\/revisions"}],"predecessor-version":[{"id":1261,"href":"https:\/\/www.indierecords.cl\/index.php?rest_route=\/wp\/v2\/pages\/739\/revisions\/1261"}],"wp:attachment":[{"href":"https:\/\/www.indierecords.cl\/index.php?rest_route=%2Fwp%2Fv2%2Fmedia&parent=739"}],"curies":[{"name":"wp","href":"https:\/\/api.w.org\/{rel}","templated":true}]}}