{"id":1027,"date":"2025-04-24T20:37:49","date_gmt":"2025-04-25T00:37:49","guid":{"rendered":"https:\/\/www.indierecords.cl\/?page_id=1027"},"modified":"2026-03-27T21:57:54","modified_gmt":"2026-03-28T00:57:54","slug":"usados-2025","status":"publish","type":"page","link":"https:\/\/www.indierecords.cl\/?page_id=1027","title":{"rendered":"DISCOS USADOS MARZO 2026 CD\/VINILO\/CASSETTE\/CD SINGLE\/DVD"},"content":{"rendered":"<p>Discos usados llegados en marzo 2026, con el correr de los d\u00edas algunos t\u00edtulos ya no estar\u00e1n disponibles.<\/p>\n<div id=\"footable_parent_1253\"\n         class=\" footable_parent ninja_table_wrapper loading_ninja_table wp_table_data_press_parent semantic_ui \">\n                <table data-ninja_table_instance=\"ninja_table_instance_0\" data-footable_id=\"1253\" data-filter-delay=\"1000\" aria-label=\"USADOS MARZO 2026.csv\"            id=\"footable_1253\"\n           data-unique_identifier=\"ninja_table_unique_id_1520688086_1253\"\n           class=\" foo-table ninja_footable foo_table_1253 ninja_table_unique_id_1520688086_1253 ui table  nt_type_ajax_table selectable striped vertical_centered  footable-paging-right\">\n                <colgroup>\n                            <col class=\"ninja_column_0 \">\n                            <col class=\"ninja_column_1 \">\n                            <col class=\"ninja_column_2 \">\n                            <col class=\"ninja_column_3 \">\n                    <\/colgroup>\n            <\/table>\n                    <style type=\"text\/css\" id='ninja_table_custom_css_1253'>\n                        #footable_1253  {\n        font-family: inherit;\n        font-size: 14px;\n    }\n\n                <\/style>\n                \n    \n    \n<\/div>\n\n<p>&nbsp;<\/p>\n","protected":false},"excerpt":{"rendered":"<p>Discos usados llegados en marzo 2026, con el correr de los d\u00edas algunos t\u00edtulos ya no estar\u00e1n disponibles. &nbsp;<\/p>\n","protected":false},"author":1,"featured_media":0,"parent":0,"menu_order":0,"comment_status":"closed","ping_status":"closed","template":"","meta":{"footnotes":""},"class_list":["post-1027","page","type-page","status-publish","hentry"],"_links":{"self":[{"href":"https:\/\/www.indierecords.cl\/index.php?rest_route=\/wp\/v2\/pages\/1027","targetHints":{"allow":["GET"]}}],"collection":[{"href":"https:\/\/www.indierecords.cl\/index.php?rest_route=\/wp\/v2\/pages"}],"about":[{"href":"https:\/\/www.indierecords.cl\/index.php?rest_route=\/wp\/v2\/types\/page"}],"author":[{"embeddable":true,"href":"https:\/\/www.indierecords.cl\/index.php?rest_route=\/wp\/v2\/users\/1"}],"replies":[{"embeddable":true,"href":"https:\/\/www.indierecords.cl\/index.php?rest_route=%2Fwp%2Fv2%2Fcomments&post=1027"}],"version-history":[{"count":8,"href":"https:\/\/www.indierecords.cl\/index.php?rest_route=\/wp\/v2\/pages\/1027\/revisions"}],"predecessor-version":[{"id":1254,"href":"https:\/\/www.indierecords.cl\/index.php?rest_route=\/wp\/v2\/pages\/1027\/revisions\/1254"}],"wp:attachment":[{"href":"https:\/\/www.indierecords.cl\/index.php?rest_route=%2Fwp%2Fv2%2Fmedia&parent=1027"}],"curies":[{"name":"wp","href":"https:\/\/api.w.org\/{rel}","templated":true}]}}